or of 13 and k?
13
Suppose 3*f = p + f - 25, -4*f = -3*p + 69. What is the highest common factor of 209 and p?
19
Suppose -5*d = -y + 36, 5*y - 190 = 2*d - 10. Calculate the greatest common factor of 24 and y.
12
Suppose 16 = -3*t + 5*t. Let u(l) be the second derivative of -5*l**3 - l**2 + 4*l. Let c be u(-3). What is the highest common divisor of c and t?
8
Let d be 6/(-9) - 10/(-6). Let x = 4 - d. Suppose 0 = -3*m - 9, 5*n - 4*m - 38 = 109. Calculate the greatest common divisor of x and n.
3
Let n(r) = -2*r + 2. Let k be n(-2). Suppose -2 = -k*w + 4*w. Suppose -25 = 5*i, 17 = -4*h + 3*h - 4*i. What is the greatest common divisor of w and h?
1
Let z = 190 + -91. Let o(j) = j**3 + 5*j**2 - 2*j + 2. Let b be o(-5). Let v = b + -1. Calculate the highest common factor of v and z.
11
Let x(a) be the third derivative of -a**5/60 + 3*a**4/8 - a**3 - a**2. Let j be x(7). Let r be 0 + 0/(-1) + 16. What is the highest common divisor of r and j?
8
Suppose o + o - 5*s = 201, 4*s = 12. Calculate the greatest common factor of o and 12.
12
Let h(i) = 3*i - 3. Let l be h(13). Let o(p) = -p**3 - 7*p**2 + 9*p + 12. Let z be o(-8). What is the greatest common factor of z and l?
4
Let k be -2*6*(-5)/10. Let l be 27/((9/k)/1). Calculate the highest common factor of 27 and l.
9
Suppose -2*f + k = -4, -5*f + 11 = -4*k + 4. Suppose f*s + 0*s = 90. What is the highest common factor of s and 6?
6
Let v(r) = r**3 - 9*r**2 + 2*r - 12. Let t be v(9). Calculate the highest common divisor of t and 12.
6
Let w be 2/((-4)/(-60) - 2/(-6)). Calculate the highest common divisor of 5 and w.
5
Let h = 40 + -24. Let s be (10*2)/((-2)/(-7)). Suppose 0 = k - s + 30. What is the highest common factor of h and k?
8
Let d(i) be the second derivative of -i**3/3 + i**2/2 - i. Let j be d(1). Let s = j + 10. What is the greatest common factor of 72 and s?
9
Let p be ((-468)/24)/(3/(-4)). Calculate the highest common divisor of 91 and p.
13
Suppose 0*o - 1400 = -5*o. What is the greatest common factor of o and 35?
35
Let y = -17 + 18. Calculate the highest common divisor of y and 9.
1
Let o = 8 - -6. Let a be (0 + 9)*14/3. Calculate the highest common factor of o and a.
14
Let z be (14/(-21))/((-4)/150). Calculate the greatest common divisor of 5 and z.
5
Let x = 26 - 11. Let q(t) = -7*t + 6. Let y be q(8). Let f = 95 + y. What is the greatest common factor of f and x?
15
Let q be (20 - -3)/1 + -3. Let p be ((-72)/40)/((-2)/q). What is the highest common factor of 27 and p?
9
Let m be ((-48)/2)/(54/(-81)). What is the greatest common divisor of 144 and m?
36
Let y(i) = 10*i. Let a be y(1). Suppose -2*t + 3*q = -6*t - 4, -2*t = -2*q + 2. Let g = t - -11. What is the greatest common divisor of a and g?
10
Suppose -4 = -5*z - 3*q, 0 = -3*z - 5*q + 1 - 5. Suppose 4*m + 3*k = 114, -z*m + k + 25 = -m. What is the greatest common factor of 3 and m?
3
Let a be (1 + 4)*(-2 + 7). Let i be (-4)/(-10)*(5 + a). Calculate the highest common divisor of i and 36.
12
Let s = 80 - 24. Suppose 3*m - 4*m + s = 0. Calculate the highest common divisor of 7 and m.
7
Let c = 0 + 3. Let v be -4*(-2 + c/3). Suppose j = 5*j + b - 214, -v*b + 100 = 2*j. Calculate the greatest common factor of j and 6.
6
Let k(p) = -p**3 - 5*p**2 + 3. Let i be k(-5). Suppose -i*x + 4*x = 21. What is the greatest common divisor of 168 and x?
21
Suppose 8*x = 7*x + 245. What is the highest common divisor of x and 35?
35
Let m be (-129)/(-3) - 3/1. What is the highest common divisor of m and 5?
5
Let i = 7 - -7. Let q(p) = p - 3. Let y be q(5). Suppose -y*x - 224 = -6*x. Calculate the highest common divisor of x and i.
14
Suppose 4*a - 16 = 3*a. Suppose 2*m - 7 = 3*b + 6*m, -2*m = 8. Let v be 5/15 + 119/b. Calculate the highest common factor of v and a.
8
Let v be (-2)/7 - (-2778)/21. What is the highest common factor of v and 12?
12
Let d be -1 - 1 - (-130 - 0). What is the highest common divisor of 16 and d?
16
Let r(q) = -17*q - 4. Let o be r(-2). Suppose 5*u - o - 20 = 0. Let x be 1 + 20 - (-1)/(-1). What is the highest common factor of u and x?
10
Let m(b) = b**2 + b - 6. Let x be m(-5). Let n be (-6)/4 + -4 + 25/2. What is the highest common factor of x and n?
7
Let r be ((-21)/14)/(6/(-4)). Let w be 1 + 0 + (-3 - -4). Suppose w*b - 4 = 2. What is the highest common divisor of b and r?
1
Let q be (2 + 1)*(-3640)/(-21). Calculate the greatest common divisor of q and 65.
65
Let y(n) = n**3 - 9. Let c be y(0). Let h be ((-24)/(-10))/(c/(-60)). Let b be (-1 + 21/12)*h. What is the highest common divisor of 4 and b?
4
Suppose -4*o - 24 = -4*j, -70 = -5*j - 13*o + 8*o. Let d be 25/(((-4)/2)/(-2)). What is the greatest common divisor of d and j?
5
Suppose 0 = -2*f + 5*l - 0 + 3, 0 = -4*f - 5*l + 51. Calculate the highest common divisor of f and 1.
1
Let l = 13 + -3. Let n = 18 - 60. Let w be 214/14 - (-12)/n. Calculate the greatest common divisor of w and l.
5
Let g = 22 - 19. Suppose -2*v - 103 = -5*c - 0*c, -62 = -g*c + v. Calculate the highest common divisor of 21 and c.
21
Suppose -5*i = -3 - 2. Suppose 1 = h - i. Calculate the greatest common factor of h and 5.
1
Let f = -166 + 309. Suppose 2*w - 4*w + 26 = 0. What is the greatest common divisor of f and w?
13
Let i be -6 + 1 - (-3 + 1). Let g be 26/(1 - (2 + i)). What is the greatest common divisor of g and 65?
13
Suppose 0 = -2*p - p + 21. Suppose -2*v + 3*k + 22 = p*k, 14 = v + 5*k. Calculate the highest common divisor of 3 and v.
3
Let j be (6/(-15))/((-1)/70). Calculate the highest common factor of j and 28.
28
Let m(t) = 2*t**2 + 3*t + 4. Let v = 10 + -18. Let d be m(v). Suppose 4*a - 80 = -4*s, 76 = 4*a - s + 3*s. Calculate the highest common factor of a and d.
18
Let f be ((-3)/(-2) - -1)*8. Let s(z) = z**3 + 21*z**2 + 11*z - 20. Let b be s(-20). What is the highest common divisor of b and f?
20
Suppose 0 = -3*r + 6*r - 6. Suppose -2*n + 24 = 2*n. Calculate the highest common divisor of n and r.
2
Suppose -5*o = -0*o + 2*m - 59, o = 4*m + 25. What is the highest common divisor of o and 65?
13
Suppose c + 6 = 4*c. Let x be 5*117/30*c. What is the highest common factor of 13 and x?
13
Let j(n) = n**3 + 4*n**2 + 4*n - 1. Let u be j(-3). Let p be (15/(-6))/(1/u). Let r be -5*((-21)/3 - -1). Calculate the highest common divisor of r and p.
10
Let b be 408/2 + 9/3. Let q = -142 + b. Calculate the highest common factor of 26 and q.
13
Let q = 119 - 49. Let i = 38 - q. Let c = -23 - i. Calculate the greatest common divisor of c and 54.
9
Let s(b) = -b**2 - 2*b - 5. Let z be s(4). Let g = z + 165. Calculate the greatest common factor of g and 17.
17
Suppose 5*q = 5 + 5. Let i be 2/(2/(-1))*5. Let u = i - -7. What is the highest common divisor of q and u?
2
Let x = 15 - 7. Let d be (x/(-3) - 1)*-15. Calculate the greatest common divisor of 11 and d.
11
Suppose -7 = -z - 2*j, 0 = -5*z + 3*j + 6 + 3. Suppose a - z*a + 72 = 0. Let g = 17 + 7. Calculate the greatest common factor of g and a.
12
Let q be 26/2 - (-1 - 1)*1. Calculate the greatest common divisor of 135 and q.
15
Let z(s) = s - 1. Let u be z(12). Suppose 0 = -a + 4*a + 2*f - 68, a - 4*f = 18. Calculate the highest common factor of u and a.
11
Suppose 0*d - 3*d + 42 = 0. Suppose 0 = -5*m, 58 + d = 4*y - 5*m. Suppose 2*l - 43 = 65. What is the highest common factor of l and y?
18
Let m = 182 - 98. What is the highest common divisor of 12 and m?
12
Let p = 29 - 26. Suppose -p*l + 6 = 3. What is the greatest common factor of l and 9?
1
Suppose 71 + 41 = 4*x. What is the greatest common factor of 308 and x?
28
Suppose -3*g + 579 = -t, 0*t = t + 3. Suppose 0 = 18*l + 159 - 591. What is the greatest common divisor of g and l?
24
Suppose 0*n + 2*n = -2*d + 26, 4*d = 3*n - 4. What is the highest common divisor of 2 and n?
2
Suppose 0 = -4*f + 3*f + 3. Suppose -v = -2*r - 29 + 3, -r + 23 = v. Calculate the greatest common divisor of f and v.
3
Let u be ((-3)/9 + -1)*3. Let f be (3/u)/(3/(-72)). Calculate the greatest common divisor of 9 and f.
9
Suppose 5*t + 2*d = 669 + 217, -4*d = -12. Calculate the highest common factor of t and 16.
16
Let m = -8 - -10. Let g = m + 8. Calculate the greatest common divisor of 10 and g.
10
Let b(j) = 2*j - 8. Let t(d) = d**3 + 10*d**2 + 8*d - 3. Let c be t(-9). Let x be b(c). Calculate the highest